ighest common factor of 1095 and 1734480.
1095
What is the greatest common divisor of 21609 and 27?
9
What is the greatest common factor of 18685 and 15355?
185
Calculate the greatest common divisor of 5092 and 1843.
19
Calculate the greatest common divisor of 39996 and 1616.
404
Calculate the greatest common factor of 135 and 15510.
15
Calculate the highest common factor of 33326 and 1501.
19
What is the greatest common factor of 2739 and 52140?
33
Calculate the highest common divisor of 36568 and 504.
56
What is the highest common divisor of 18 and 90459?
9
Calculate the highest common factor of 1886 and 6463.
23
What is the highest common divisor of 200907 and 13041?
189
Calculate the highest common divisor of 13015 and 2565.
95
What is the highest common divisor of 473 and 902?
11
Calculate the greatest common factor of 2728121 and 33.
11
What is the greatest common divisor of 136800 and 9?
9
Calculate the highest common factor of 92149 and 817.
43
What is the greatest common divisor of 192 and 20928?
192
Calculate the highest common divisor of 65 and 50245.
65
What is the highest common factor of 79584 and 8290?
1658
Calculate the greatest common factor of 422352 and 21.
21
Calculate the highest common factor of 82710 and 2610.
90
Calculate the highest common divisor of 1352 and 63713.
169
What is the highest common factor of 2106 and 9750?
78
What is the greatest common divisor of 152 and 166248?
8
What is the greatest common factor of 2088 and 270?
18
Calculate the greatest common factor of 25308 and 1427793.
2109
Calculate the highest common divisor of 3852 and 1700337.
321
Calculate the greatest common factor of 769947 and 357.
51
What is the greatest common factor of 13 and 96967?
13
Calculate the greatest common factor of 736 and 178250.
46
Calculate the greatest common divisor of 136 and 144.
8
Calculate the highest common divisor of 1204 and 1526.
14
Calculate the greatest common factor of 409669 and 13.
13
What is the greatest common factor of 65 and 1430702?
13
What is the greatest common divisor of 80766 and 2058?
42
Calculate the highest common divisor of 380 and 2334188.
76
What is the greatest common divisor of 35 and 328405?
35
What is the greatest common factor of 168 and 714?
42
What is the greatest common factor of 17339 and 49?
7
What is the greatest common divisor of 375078 and 11?
11
What is the highest common divisor of 408447 and 234?
117
Calculate the highest common divisor of 108950 and 10.
10
What is the highest common divisor of 492 and 45100?
164
Calculate the greatest common divisor of 427 and 392.
7
What is the highest common factor of 492 and 91284?
12
Calculate the highest common factor of 9752 and 3392.
424
Calculate the highest common factor of 42990 and 1215.
15
What is the greatest common factor of 2050 and 8570?
10
Calculate the greatest common factor of 17748 and 15312.
348
What is the highest common factor of 267192 and 432?
216
Calculate the highest common divisor of 9638 and 10349.
79
Calculate the highest common factor of 44955 and 2220.
555
What is the highest common factor of 3370 and 70?
10
Calculate the highest common divisor of 57 and 149169.
57
Calculate the highest common factor of 63 and 509859.
63
What is the greatest common divisor of 1618733 and 1481?
1481
What is the greatest common divisor of 59 and 435538?
59
Calculate the highest common factor of 850015 and 15.
5
What is the highest common divisor of 7008 and 2256?
48
What is the highest common divisor of 40 and 23990?
10
Calculate the greatest common divisor of 90579 and 2616.
327
What is the highest common factor of 893 and 684?
19
What is the highest common divisor of 117094 and 8298?
922
Calculate the greatest common divisor of 29322 and 1810.
362
What is the greatest common factor of 250 and 5436250?
250
Calculate the highest common divisor of 26 and 208234.
26
Calculate the highest common divisor of 94424 and 176.
88
Calculate the highest common divisor of 682 and 960938.
682
Calculate the greatest common factor of 175 and 548575.
25
Calculate the greatest common divisor of 42968 and 492.
164
Calculate the highest common divisor of 137215 and 65.
65
Calculate the highest common divisor of 432 and 5520.
48
Calculate the highest common factor of 8998 and 17248.
22
What is the greatest common divisor of 81 and 3294?
27
What is the greatest common divisor of 11140 and 180?
20
Calculate the greatest common divisor of 83 and 50879.
83
What is the greatest common factor of 3402 and 110376?
378
What is the greatest common factor of 62418 and 6060?
606
What is the greatest common factor of 343 and 300811?
343
Calculate the greatest common divisor of 4614914 and 866.
866
What is the highest common divisor of 69970 and 50?
10
Calculate the greatest common factor of 1643 and 159.
53
What is the highest common divisor of 294 and 37938?
6
What is the greatest common divisor of 414 and 23022?
18
Calculate the greatest common factor of 198 and 174339.
99
Calculate the greatest common divisor of 556 and 8.
4
Calculate the greatest common divisor of 31809 and 2484.
69
What is the greatest common factor of 59853 and 1065?
213
What is the greatest common factor of 156 and 2693886?
78
Calculate the greatest common factor of 32 and 192584.
8
Calculate the greatest common factor of 672 and 900816.
336
What is the greatest common divisor of 748832 and 88?
8
What is the greatest common divisor of 138 and 2084122?
46
Calculate the highest common factor of 6660 and 531.
9
Calculate the greatest common factor of 18 and 1824.
6
What is the greatest common divisor of 12 and 1455114?
6
What is the highest common divisor of 314 and 4108847?
157
What is the highest common factor of 35586 and 4698?
54
Calculate the highest common divisor of 12 and 22821.
3
Calculate the greatest common divisor of 2296 and 1547791.
287
What is the greatest common factor of 142075 and 25?
25
What is the greatest common divisor of 162 and 76518?
54
What is the greatest common factor of 824 and 96202?
206
What is the greatest common factor of 91487 and 583?
11
What is the greatest common divisor of 5259120 and 408?
408
What is the highest common factor of 2272 and 529944?
568
What is the greatest common divisor of 6720 and 166208?
448
What is the greatest common factor of 297 and 6347?
11
What is the highest common divisor of 119715 and 694?
347
What is the greatest common divisor of 2004 and 26880?
12
What is the highest common factor of 764205 and 15?
15
Calculate the greatest common divisor of 223691 and 208.
13
Calculate the highest common divisor of 4954 and 14.
2
Calculate the greatest common factor of 278222 and 1670.
334
What is the greatest common factor of 369 and 175023?
9
What is the greatest common factor of 5576 and 17000?
136
What is the highest common factor of 562 and 44398?
562
Calculate the greatest common divisor of 169 and 756106.
169
Calculate the greatest common factor of 137037 and 6.
3
Calculate the greatest common factor of 759636 and 108.
36
What is the highest common factor of 41393 and 22?
11
Calculate the greatest common factor of 111592 and 148.
148
Calculate the highest common divisor of 280383 and 741.
57
What is the highest common divisor of 693 and 220682?
77
What is the greatest common factor of 3111 and 89304?
183
Calculate the greatest common factor of 110517 and 66.
33
Calculate the greatest common factor of 42 and 148596.
42
Calculate the highest common divisor of 365636 and 12920.
1292
Calculate the greatest common divisor of 5809 and 314.
157
What is the highest common divisor of 900 and 6760?
20
What is the greatest common divisor of 623 and 607247?
89
Calculate the highest common factor of 18480 and 1078770.
2310
What is the highest common divisor of 14 and 6972?
14
Calculate the highest common divisor of 25991 and 2212.
553
What is the highest common divisor of 910 and 22505?
35
Calculate the highest common divisor of 184 and 53774.
46
Calculate the greatest common divisor of 6560 and 15552.
32
Calculate the highest common divisor of 19984 and 3104.
16
Calculate the highest common factor of 107 and 344219.
107
Calculate the highest common factor of 342 and 1287231.
57
What is the highest common factor of 72 and 41844?
12
What is th